 of -3 + o/(20/(-172))?
4
Suppose 24 + 46 = -14*r. What is the units digit of r*(148/16)/((-5)/20)?
5
Suppose -5 = -5*x, 25*z - 26*z = -x - 5638. What is the hundreds digit of z?
6
Let w(v) be the third derivative of v**6/60 - v**5/15 - v**4/6 + 2*v**3/3 - 2*v**2. Let r be w(5). Suppose -r = -5*y - 34. What is the tens digit of y?
2
Suppose 3*l - 1 - 11 = 0. Suppose 4*p + a = l*a + 747, -3*a + 369 = 2*p. What is the units digit of p?
6
Suppose 10*c - 11*c + 149 = 0. Suppose -3*x + 5*v = 11 - 0, -2 = -2*x + v. Suppose 2*q - 2*s - c = -s, -x*s = 9. What is the units digit of q?
3
Let g(i) = i**2 + 15*i - 9*i**2 + 11*i**2. What is the tens digit of g(-6)?
1
Let o(j) = -j**2 - 3*j + 6. Let h be o(-5). Let p = -15 + -55. What is the units digit of p/(-22) + h/22?
3
Suppose -12*a - 3328 = -50116. What is the tens digit of a?
9
Let p = 2 - -217. Suppose -u + p = -4*b, -3*u = -u + 3*b - 405. What is the tens digit of u?
0
Suppose 0 = 9*k - 5*k - 12. What is the units digit of 80 - (-2 - -1) - (0 + k)?
8
Let l(y) = 12*y**2 + 17*y + 188. What is the units digit of l(-8)?
0
Suppose -2*p - 123 = -5*p. Suppose -2*b + 15 = -p. Suppose -b = -q - 5. What is the units digit of q?
3
Let r = -11 - -13. Let i = r - -3. Suppose 2*c + 126 = 4*h, -3*c + 152 = i*h - 0*c. What is the units digit of h?
1
Suppose 3*q + 834 = r, -r - 10*q = -9*q - 842. What is the hundreds digit of r?
8
Let d = -1527 - -2402. What is the hundreds digit of d?
8
Suppose g = -4*g - 45. Let k be (93/g)/(1/6). Let b = k + 89. What is the units digit of b?
7
Let n = -1 - -4. Suppose -q + n*q = 16. Suppose q = 4*h - 28. What is the units digit of h?
9
Suppose 6832 = 10*p - 6248. What is the hundreds digit of p?
3
Let v be 8/3 - 13/(-39). Suppose -236 = -2*f + 2*b, 0*f - 319 = -v*f - 4*b. What is the units digit of f?
3
Suppose 5*z = -q + 13, -z - 13 = -2*q - 3*q. Suppose 0 = l + 4*l - 505. Suppose -2*f - l = -5*f - 2*a, 0 = 5*f - z*a - 163. What is the tens digit of f?
3
Let r = 84 + -79. Suppose 2*q - 360 = -2*f, -7*q + 2*q + r*f = -850. What is the units digit of q?
5
Let v(t) = t**3 + 2*t**2. Let c be v(2). Let j = 49 - c. Let g = 12 + j. What is the units digit of g?
5
Suppose -l - 6*k + 564 = -k, 3*l = 4*k + 1597. What is the hundreds digit of l?
5
Let d(r) be the third derivative of r**5/15 - r**4/24 - 16*r**2. What is the units digit of d(1)?
3
Let b = -25 - -27. Suppose r - 3*s - 18 = 0, 3*s = -r - b*r + 6. What is the units digit of r?
6
Suppose 3*x - 1484 = -q, -4*q - 4*x + 3*x = -5980. What is the tens digit of q?
9
Suppose 0 = -6*h + 2*h - 4. Let i(m) = 0 - 30*m - 1 + 2. What is the units digit of i(h)?
1
What is the hundreds digit of ((-864)/(-27))/((-1)/(-7))?
2
Let s be -4*(-2 + (-3)/(-2)). Suppose -5*y = 5*u - 20, -u - 12 = -4*y - 6. Suppose s*r = -y*r + 92. What is the units digit of r?
3
Suppose -l + 4*l = 0. Let u = 41 - l. What is the units digit of u?
1
Suppose 2*j - 5*j = 4*p - 43, 2*p + 3*j - 29 = 0. Let g be ((-1)/4)/((-5)/40). What is the units digit of (-2)/g*p*-3?
1
Let j be -1 + 12/14 + (-1896)/(-42). Suppose -x = -6*x + 155. Let u = j - x. What is the tens digit of u?
1
Suppose -22 - 52 = y. What is the units digit of (y + 1)/(1 + -2)?
3
Let d(v) = 4 + 0*v + 0 + 0*v + 6*v. Let l be d(2). Suppose 2*g - 16 = l. What is the units digit of g?
6
Suppose -2*g = -10, -2435 = -5*n - 3*g - 0*g. What is the units digit of n?
4
Suppose 7*q = 5*q - 5*a + 3396, 6792 = 4*q + 3*a. What is the units digit of q?
8
Let h(p) = -p**2 - 4*p - 1. Let f be h(-2). Suppose -a + 202 = -4*b + 621, 4*a = -f*b + 338. What is the units digit of b?
6
Suppose 4*x - 1212 = -2*u - x, -4*x = -u + 580. What is the units digit of u?
6
Let r(f) = -3*f**2 - 2*f + 2. Let x be r(-2). Let b = 173 - 2. What is the units digit of b/x*(-4)/6?
9
Suppose 44 + 28 = 12*f. Let o(x) be the third derivative of 7*x**4/24 - 11*x**3/6 - 2*x**2. What is the units digit of o(f)?
1
What is the thousands digit of 12/36 - 4028/(-3)?
1
Let v be (-46)/(-207) - 1010/9. Let f = v - -203. What is the tens digit of f?
9
Let x(w) = -6*w**2 + w + 2. Let f be x(-1). Let b(z) = -z**2 - 8*z - 12. What is the units digit of b(f)?
3
Suppose 1050 = b + m + m, 5222 = 5*b + 3*m. What is the thousands digit of b?
1
Let u = -276 - -1156. What is the units digit of u?
0
Let b(j) = -1 + j - 13*j**3 - 4*j**2 + 3 + 24*j**3. What is the units digit of b(2)?
6
Let v(o) = 11*o + 1. Let f be v(-1). Let l = -5 + 19. What is the units digit of 15/f*l/(-3)?
7
Let s be (-8)/28 - (-1352)/28. What is the units digit of (-4)/(s/116)*-6?
8
Suppose 0 = 5*i - 4*c - 15459, 0 = -5*i - 4*c + 6*c + 15467. What is the hundreds digit of i?
0
Let w(g) = -6*g + 15. Let s be (-2 - 9/(-12))*4. What is the units digit of w(s)?
5
What is the hundreds digit of (208/10)/(-1 - (-110)/100)?
2
Let k(s) = -17*s + 9. Let f be k(-7). Suppose 5*m - f = 3*m. What is the tens digit of m?
6
Let k(m) = -2 - 8*m - 4 + 1 + 7*m. Let n be k(-7). What is the units digit of 29/n*(-9 + 11)?
9
Let y(w) be the third derivative of -35*w**4/24 + 5*w**3/6 + 42*w**2. What is the hundreds digit of y(-4)?
1
Suppose -129 = -11*u + 69. What is the units digit of u?
8
Suppose 0 = -2*y - 5*m + 62 - 5, 119 = 4*y + 5*m. Suppose 2*t - y = 31. What is the units digit of t?
1
Suppose 5*s - s - 104 = 0. Suppose 23*k + 393 = s*k. What is the hundreds digit of k?
1
Let c(m) = 17*m - 17 + 5*m - 23*m + 11*m**2. What is the units digit of c(5)?
3
What is the tens digit of (503 - (2 + 0)) + -18 + 16?
9
Let m = -13 + 17. Suppose 0*t + 5*t = 2*j - 31, 2*j = -2*t - m. Suppose -j*k = -5*q - 2*k + 139, 114 = 4*q + 2*k. What is the tens digit of q?
2
Let b be (2 - -1) + 19 + 0. Suppose 5*h - 6 - 34 = 0. What is the tens digit of (b/h)/((-1)/(-4))?
1
Suppose 2*v + t - 1169 = 0, -5*t = -2*v - 9*t + 1184. What is the hundreds digit of v?
5
Let o(h) = -174*h + 320. What is the tens digit of o(-5)?
9
Let r(d) = -d**3 - 6*d**2 + 8*d - 1. Let z be r(-7). Let v = z - -2. What is the tens digit of (-13 + 1)/(v/6)?
1
Suppose 4*l = 13 + 183. Let y = 85 - l. What is the units digit of y?
6
What is the hundreds digit of -4 - 57/(((-156)/(-344))/(-13))?
6
What is the tens digit of (4820 + (-2 - 4))/(4 - 2)?
0
Suppose 0 = 2*v - 2 - 2. Suppose -4*h + b = 3*b + 2, 0 = -v*h + 4*b + 24. What is the units digit of h?
2
Let l(f) = 2*f**3 - 2*f**2 + 14*f - 28. What is the tens digit of l(8)?
8
Let f = 67 + 87. What is the tens digit of f?
5
Let n(u) = -10*u + 68. What is the tens digit of n(-28)?
4
Suppose -950 = -2*k - j + 5*j, 0 = 5*k + 4*j - 2319. What is the tens digit of k?
6
Let c(w) = -15*w**2 - w + 1. Let l be c(-2). Let a = -34 - l. What is the units digit of a?
3
Suppose -9486 = -42*i + 40*i - 5*z, -2*i + 2*z = -9514. What is the tens digit of i?
5
Let i(v) = -2*v**2 - 9*v + 4. Let s be i(-5). Let b(z) = -46*z**3 - 2*z**2 - 4*z - 2. What is the units digit of b(s)?
6
Let g(f) = -3*f - 24. Let h be g(-8). Suppose -480 = -8*w - h*w. What is the units digit of w?
0
Let m(l) = -3*l + 10. Let k be m(3). Let z = 0 + k. What is the units digit of z?
1
Let v = -1248 - -2884. What is the hundreds digit of v?
6
Let s = -7 + 180. What is the tens digit of s?
7
Let n(i) = 2*i**2 + 8*i - 6. Let q be n(-5). Suppose q*m + 48 = 2*m. What is the units digit of m/9*(-135)/12?
0
Let y = -32 - -48. Let g(h) = 2*h - 8*h - 1 + 2*h**2 + y*h. What is the units digit of g(-7)?
7
Let a be 0 + (-2 - -3)*-2. Let b = a - 1. What is the units digit of 2*b/6 - -8?
7
Let w = 11 + -8. Suppose -w*z - 2*z = 35. What is the tens digit of (-57)/(4 + z) + -2?
1
Let a be ((-2533)/(-3))/(-2*6/36). What is the tens digit of a/(-51) - (1 - 14/6)?
5
Let o(j) = -5*j - 4. Let p be o(-5). Let g be (10/(-15))/(2/p). What is the units digit of 20/4 - 3 - g?
9
Suppose 7 = 3*i - 5*h - 9, -12 = -i + 3*h. Suppose o - 9 = -3*g, 5 = 3*g + 5*o - 16. What is the tens digit of 27/(3/i + g)?
2
Suppose 0*t + 4*h + 361 = 3*t, t + 4*h = 115. What is the hundreds digit of t?
1
Let t(i) = i**2 + 3*i + 7. Suppose 2 = 2*u - 8. Suppose -3*a = -3*s - 16 - 14, 3*a = u*s + 42. What is the units digit of t(s)?
5
Let s be -1*0*(-2)/4. Suppose 7*h + 29 - 246 = s. What is the units digit of h?
1
Suppose z = 6*z + 10. Let p(l) be the third derivative of -2*l**4/3 - l**3/3 - l**2. What is the units di